- 3*z - 43. Calculate the highest common divisor of 1116 and n.
36
Let j = -62 + 1150. Calculate the highest common factor of j and 128.
64
Suppose 5*x - n - 3*n - 1 = 0, 4*n = -3*x - 25. Let l be (43 + x)*(-6)/(-15). What is the greatest common divisor of l and 2?
2
Let r = 94 - 58. Let q = r + 92. Calculate the greatest common divisor of 16 and q.
16
Let y(c) = 13*c + 147. Let b be y(-11). Calculate the highest common factor of b and 4.
4
Let r(b) = b**2 + 22*b - 44. Let m be r(-24). Suppose 0 = v - 21 + 1. What is the greatest common divisor of v and m?
4
Let y = 162 + -130. What is the highest common factor of y and 104?
8
Suppose -3*y + 49 - 4 = 0. Suppose y*m - 101 = -26. What is the highest common divisor of 5 and m?
5
Suppose -3*y - y + 14 = -3*z, -15 = -5*z - y. Suppose -4*k = 5*i - 34, z*i - 7 - 9 = -2*k. Let v = 6 + -2. Calculate the highest common divisor of k and v.
2
Suppose -586*g + 56 = -572*g. What is the greatest common factor of g and 16?
4
Suppose 0 = -5*u - 5*h + 45, 4*h + 4 = 4*u - 0*u. Suppose -5*y + 70 = -0*y - f, 4*f - u = y. Calculate the highest common divisor of 15 and y.
15
Suppose 0 = 7*h - 70 - 35. Let t = -341 + 506. Calculate the highest common factor of t and h.
15
Let x = 263 + -199. What is the highest common divisor of 160 and x?
32
Suppose 7*l - 70 - 315 = 0. Let a be (-9)/(-15) - (-72)/(-20). Let p be a/(48/(-44))*8. What is the highest common factor of l and p?
11
Suppose 2*a - h = 5*a - 26, 22 = 3*a + 2*h. Let g be 15/a + (-5142)/(-12). What is the highest common divisor of g and 43?
43
Let j be 267 + -1*1*(22 + -21). Calculate the greatest common factor of j and 38.
38
Let i be (1*9)/((-33)/22). Let z be ((-5)/(-5))/((-3)/i). Suppose -z*k = 2*k, -4*y - 5*k = -760. What is the greatest common divisor of y and 19?
19
Let i(c) = -c**2 - 9*c - 1. Let j be i(-7). Suppose 143 + 91 = 2*x. Calculate the greatest common factor of j and x.
13
Suppose 2*h + 21 = y + h, -h + 99 = 4*y. Suppose 5*p + y = 84. Calculate the highest common factor of p and 108.
12
Let z be (-1434)/(-30) - -1*(-2)/(-10). Let w be 314/10 + (-30)/(-50). What is the highest common factor of z and w?
16
Let z(s) = 3*s**2 + 5*s - 4. Let r be z(-4). Let p(i) = -i**3 - 22*i**2 + 69*i - 30. Let c be p(-25). What is the greatest common divisor of r and c?
24
Suppose 5*s - 68 + 13 = 0. Suppose 25 = -4*i - 5*h, -i - s = -5*h + 14. Let q = 0 - i. Calculate the highest common factor of q and 110.
10
Suppose -7*s + 27 = -36. Let d be s/(-6) - 81/(-6). What is the highest common factor of d and 48?
12
Suppose -3080 = -5*v - 17*v. What is the highest common divisor of v and 10?
10
Let l(x) = -62*x - 122. Let a be l(-4). Suppose -16 - 47 = -3*u. Calculate the highest common factor of u and a.
21
Suppose 0 = -j - 3, 23*j - 76 = -5*w + 25*j. Let u = -50 - -6. Let q be (u - -2)*(-2)/4. What is the greatest common divisor of w and q?
7
Suppose 5*m + 5*q = -0*q - 20, -2*q = -2*m - 4. Let w be (35 + -14)/(m/(-4)). What is the highest common factor of 7 and w?
7
Let x be (-1 + (-39)/9)*36/(-8). Calculate the greatest common divisor of x and 32.
8
Suppose -y = 5*t - 43 + 1, 5*t - 34 = 3*y. Let j(p) = -2*p**2 + 6*p + 688. Let c be j(20). What is the greatest common divisor of t and c?
8
Let n be (-9)/6*28/(-3). Suppose 3*q - n = q. Let x be (-3)/(-7) + 109/q. What is the greatest common divisor of 176 and x?
16
Let f(g) = -g**3 - 16*g**2 - 14*g - 7. Let o be f(-15). Let h = o - -42. Let j be 9 - 2*(-3)/6. Calculate the highest common factor of h and j.
10
Let l be (-4)/(3 + -2) + 8. Suppose 4 = l*a - 8. Suppose -a*d - 17 + 32 = 0. Calculate the greatest common factor of 25 and d.
5
Let q be (0 + 0)/1 + 150/2. Suppose 3*o = -4*c + 136, 358 - 108 = 5*o + 2*c. Let x = -37 + o. Calculate the greatest common factor of q and x.
15
Let l be 0/(-2) + (9/(-3))/(141/(-1175)). Let t(y) = 26*y**2 - 2*y - 1. Let c be t(-1). Let z = c - 17. What is the highest common factor of l and z?
5
Suppose -5*v - 56 = -4*c, -v = 3*c - 0*v - 23. Suppose -2*o = -o - 44. Let i = o - 35. What is the highest common factor of c and i?
9
Let v = 326 - 207. What is the highest common divisor of v and 51?
17
Let v(p) = 2*p**2 + 17*p + 13. Let n be v(-8). Suppose -b - 2*m + m + 43 = 0, 4*m + 206 = n*b. Calculate the highest common factor of b and 42.
42
Let d(b) = -5*b - 6. Let t be d(-15). Let x be ((-6)/4)/(273/92 + -3). What is the greatest common divisor of t and x?
23
Suppose -166 = -w - 6. Suppose t - w = -t. Let g be 1/(-13) + (-783)/(-39). What is the highest common factor of t and g?
20
Let n be (-2)/(-2)*7/(4 - 3). Suppose 0*c + 28 = n*c. Let z = 2 + -1. Calculate the highest common divisor of c and z.
1
Suppose -60*l = -11*l - 11172. Calculate the greatest common factor of 24 and l.
12
Suppose 0 = -4*f + 9*f. Suppose 5*j + 40 + 10 = f. Let l = -5 - j. What is the greatest common divisor of l and 35?
5
Let y = -43 - -58. What is the highest common factor of 165 and y?
15
Suppose 59*v = 63*v - 220. Let j be ((-155)/(-7))/1 - 14/98. What is the greatest common divisor of j and v?
11
Let f = 549 - 499. Calculate the greatest common factor of f and 130.
10
Suppose -24 - 36 = -5*u. Let q(b) = 2*b - 163. Let o be q(0). Let l = o + 295. Calculate the highest common factor of u and l.
12
Suppose 18*d - d = -170. Let i be 1*(-5)/d*8. Suppose -5*q - p = -0*q - 56, -p + 44 = 4*q. Calculate the highest common factor of i and q.
4
Suppose 18*g - 5775 = -7*g. What is the greatest common divisor of g and 42?
21
Let y = 52 + -16. Let w(g) = 11 - 8 - 10*g - 4. Let j be w(-1). What is the highest common factor of y and j?
9
Suppose 0 = -14*c + 15*c - 10. Suppose -60 = b - 6*b. Suppose -3*p = -6*p + b. What is the highest common divisor of p and c?
2
Let j = 2 - -11. Calculate the highest common factor of 481 and j.
13
Suppose 0 = -2*l + 10, -5*l = 4*v - 414 - 491. Suppose -3*x + 2*x = -v. Suppose 9*s - x = 5*s. Calculate the highest common divisor of s and 5.
5
Let p be 26700/120 + 2/(-4). Calculate the highest common factor of p and 6.
6
Let a = 3 + 0. Let r = -2 + a. Let i(k) = k**3 + 42*k**2 - 87*k + 55. Let v be i(-44). Calculate the greatest common divisor of v and r.
1
Let b = 22 - -22. Suppose 4*r = 5*c - 194, 4*c - r - 109 = b. Calculate the greatest common factor of 2 and c.
2
Suppose 4 + 0 = 2*s, 0 = 3*q + s + 157. Let a = q - -72. Suppose 5*f = 75 + 305. What is the highest common divisor of f and a?
19
Let f be (76 - 2) + (-2 - -5). Let h = -39 + 50. What is the greatest common divisor of f and h?
11
Let q be 4749/15 - -2*(-1)/(-5). Suppose 0 = -3*i - 2*w + q, -7*i + 4*i - 3*w + 318 = 0. Calculate the highest common factor of i and 21.
21
Suppose -7 = -c - 4, 0 = -4*q + 4*c + 4. What is the highest common divisor of 26 and q?
2
Let c be 1*(2 - -583)/5. Suppose 0 = 5*d + k - 235, -5 = 2*d + 4*k - c. Calculate the greatest common divisor of d and 115.
23
Let i = -60 - -84. What is the highest common factor of 84 and i?
12
Let h(g) = -2*g**3 - 31*g**2 - 14*g - 5. Let b be h(-15). Let d be ((-128)/b)/((-4)/(-90)). What is the highest common divisor of 18 and d?
18
Suppose -3*w + 22 = 2*y, -38 = -12*w + 7*w - 4*y. What is the greatest common divisor of w and 57?
3
Let u(r) = -7*r + 28. Suppose 3 - 45 = 3*l. Let i be u(l). Let z(c) = -c + 10. Let x be z(-8). Calculate the highest common divisor of i and x.
18
Let o = 69 + -65. Let j be (1/o + 0)*220/5. Calculate the greatest common factor of j and 55.
11
Let x(f) = 11 + 9*f + f**2 + 0*f - 13*f. Let h be x(3). Suppose 0 = 2*w - 6*w - 4*m + 136, 0 = -w + 5*m + 22. Calculate the highest common factor of w and h.
8
Let h = 18 + -12. Suppose -i = -3*n + 159, 14*n - 261 = 9*n + 3*i. What is the highest common factor of n and h?
6
Suppose -3*n + 9 = -33. Suppose -12*y = -7 - 17. Suppose -d = -z - 127, 0 = -y*d - 3*z - 132 + 381. Calculate the highest common factor of d and n.
14
Let b(o) = o**3 + 7*o**2 - 20*o - 92. Let z be b(-8). Let u be (0 - -2) + 2/(-2). Calculate the greatest common factor of u and z.
1
Let x(g) = 8*g - 6. Let q(r) = 16*r - 13. Let w be ((-5)/1)/1 - -2. Let l(m) = w*q(m) + 7*x(m). Let a be l(2). What is the greatest common factor of 13 and a?
13
Suppose -b - 7*u + 84 = -3*u, 2*u = 5*b - 464. What is the greatest common divisor o